9, 7313981
List the prime factors of 56921655.
3, 5, 7, 542111
List the prime factors of 1007646837.
3, 103, 3260993
What are the prime factors of 297562076?
2, 7, 47, 173, 1307
List the prime factors of 328662002.
2, 164331001
What are the prime factors of 266479178?
2, 7, 271, 70237
What are the prime factors of 138306352?
2, 8644147
What are the prime factors of 66781429?
11, 13, 467003
List the prime factors of 3685024299.
3, 11, 1801, 62003
List the prime factors of 269993561.
11833, 22817
What are the prime factors of 1196953?
17, 181, 389
What are the prime factors of 175447359?
3, 907, 21493
What are the prime factors of 88618712?
2, 7, 13, 41, 2969
List the prime factors of 728563722.
2, 3, 121427287
What are the prime factors of 569319402?
2, 3, 31, 3060857
What are the prime factors of 4889601782?
2, 13, 29, 2281, 2843
List the prime factors of 2100634736.
2, 103, 317, 4021
List the prime factors of 1189375041.
3, 59, 199, 33767
List the prime factors of 3001795790.
2, 5, 7, 227, 188911
What are the prime factors of 2188585728?
2, 3, 7, 135701
List the prime factors of 196944480.
2, 3, 5, 45589
List the prime factors of 1172689224.
2, 3, 7, 23, 303491
List the prime factors of 18958778.
2, 853, 11113
What are the prime factors of 335461929?
3, 11, 19, 571, 937
What are the prime factors of 64217818?
2, 7, 4586987
What are the prime factors of 163657626?
2, 3, 11, 2479661
List the prime factors of 589701544.
2, 29, 2541817
List the prime factors of 141482581.
141482581
What are the prime factors of 2083769022?
2, 3, 347294837
List the prime factors of 3586167622.
2, 137, 13088203
List the prime factors of 1589678907.
3, 529892969
List the prime factors of 200394715.
5, 40078943
List the prime factors of 1002398297.
17167, 58391
What are the prime factors of 119084114?
2, 43, 1384699
What are the prime factors of 556613822?
2, 127, 2191393
What are the prime factors of 6588346784?
2, 205885837
List the prime factors of 104690928.
2, 3, 29, 75209
What are the prime factors of 4448052615?
3, 5, 67, 4425923
What are the prime factors of 1901245715?
5, 101, 3764843
What are the prime factors of 11511566?
2, 11, 277, 1889
What are the prime factors of 56007751?
37, 659, 2297
What are the prime factors of 1116530268?
2, 3, 7, 1898861
List the prime factors of 17703029.
17703029
List the prime factors of 394573658.
2, 53, 3722393
List the prime factors of 394940828.
2, 1171, 84317
What are the prime factors of 5481437?
13, 557, 757
What are the prime factors of 1082366?
2, 53, 10211
What are the prime factors of 26940658?
2, 109, 123581
List the prime factors of 7586136518.
2, 3793068259
List the prime factors of 11123701.
11123701
What are the prime factors of 129753081?
3, 14417009
What are the prime factors of 31171571?
19, 1640609
What are the prime factors of 469201612?
2, 11, 1543, 6911
What are the prime factors of 63104888?
2, 7, 11, 67, 139
What are the prime factors of 75650382?
2, 3, 241, 5813
List the prime factors of 21220351.
37, 573523
What are the prime factors of 3168256665?
3, 5, 7, 30173873
What are the prime factors of 3584550505?
5, 716910101
What are the prime factors of 875701146?
2, 3, 19, 7681589
List the prime factors of 1114169416.
2, 139271177
List the prime factors of 321453357.
3, 17, 6303007
What are the prime factors of 5360488503?
3, 1786829501
List the prime factors of 677567430.
2, 3, 5, 167, 5009
List the prime factors of 622837030.
2, 5, 1601, 38903
List the prime factors of 46790146.
2, 13, 1799621
What are the prime factors of 1084342081?
1084342081
List the prime factors of 68917223.
23, 1051, 2851
List the prime factors of 694421173.
31, 4519, 4957
What are the prime factors of 667865669?
9343, 71483
List the prime factors of 52736816.
2, 11, 109, 2749
List the prime factors of 108062496.
2, 3, 37, 10141
List the prime factors of 94224335.
5, 29, 157, 4139
What are the prime factors of 3338306505?
3, 5, 43, 1725223
What are the prime factors of 1511343955?
5, 11, 27478981
List the prime factors of 176511406.
2, 19, 4645037
What are the prime factors of 2105646712?
2, 13, 397, 3923
List the prime factors of 4463462505.
3, 5, 491, 606037
List the prime factors of 21305152.
2, 11, 53, 571
What are the prime factors of 247856647?
247856647
List the prime factors of 522403.
7, 37, 2017
What are the prime factors of 1034209948?
2, 29, 2579, 3457
List the prime factors of 623416475.
5, 11, 53, 42773
List the prime factors of 9588589.
29, 330641
List the prime factors of 3227555727.
3, 11, 109, 167, 199
List the prime factors of 2746293496.
2, 343286687
What are the prime factors of 218602516?
2, 11, 4968239
What are the prime factors of 21114892?
2, 43, 122761
What are the prime factors of 16977604?
2, 7, 43, 59, 239
List the prime factors of 28618599.
3, 17, 59, 9511
What are the prime factors of 9568018?
2, 4784009
What are the prime factors of 90653569?
1021, 88789
What are the prime factors of 132480136?
2, 197, 84061
What are the prime factors of 8203101?
3, 181, 15107
List the prime factors of 2655114748.
2, 11, 13, 461, 10069
List the prime factors of 1173663984.
2, 3, 503, 48611
List the prime factors of 567544562.
2, 13, 2129, 10253
What are the prime factors of 26209384?
2, 31, 105683
List the prime factors of 421161704.
2, 52645213
What are the prime factors of 4390761936?
2, 3, 11, 29, 286753
List the prime factors of 1108161.
3, 13681
What are the prime factors of 102838871?
102838871
What are the prime factors of 1924962382?
2, 7, 41, 257, 13049
List the prime factors of 1010244480.
2, 3, 5, 7, 75167
What are the prime factors of 88707359?
13, 61, 111863
What are the prime factors of 886276755?
3, 5, 7, 13, 19, 3797
List the prime factors of 424545312.
2, 3, 4422347
What are the prime factors of 2489002591?
1163, 2140157
What are the prime factors of 756371835?
3, 5, 151, 157, 709
What are the prime factors of 122694014?
2, 433, 141679
What are the prime factors of 147908665?
5, 661, 44753
What are the prime factors of 84821969?
2011, 42179
List the prime factors of 2905735965.
3, 5, 11, 17, 43, 24091
List the prime factors of 379398189.
3, 89, 1420967
List the prime factors of 461640986.
2, 19, 439, 27673
List the prime factors of 807524023.
807524023
List the prime factors of 255297687.
3, 17, 294461
What are the prime factors of 1896364443?
3, 632121481
List the prime factors of 2815644239.
53, 1319, 40277
What are the prime factors of 3730341207?
3, 71, 1601, 10939
List the prime factors of 2853961832.
2, 356745229
List the prime factors of 578678636.
2, 8291, 17449
List the prime factors of 6037108990.
2, 5, 11, 149, 337, 1093
What are the prime factors of 162768127?
787, 206821
What are the prime factors of 188472550?
2, 5, 7, 59, 9127
List the prime factors of 101729517.
3, 61, 67, 8297
What are the prime factors of 310940960?
2, 5, 11, 16061
What are the prime factors of 48386422?
2, 7, 131, 3769
List the prime factors of 62686724.
2, 839, 18679
What are the prime factors of 118836903?
3, 101, 392201
List the prime factors of 279563998.
2, 7, 353, 56569
List the prime factors of 2892935154.
2, 3, 41, 1297, 9067
List the prime factors of 84300104.
2, 7, 53, 28403
What are the prime factors of 56122843?
7, 8017549
What are the prime factors of 127743778?
2, 653, 97813
What are the prime factors of 86173829?
7, 12310547
What are the prime factors of 93994696?
2, 11749337
What are the prime factors of 195042769?
195042769
List the prime factors of 245330139.
3, 149, 548837
List the prime factors of 442269122.
2, 221134561
What are the prime factors of 5013819?
3, 47, 439
List the prime factors of 152141325.
3, 5, 7, 41399
List the prime factors of 935451575.
5, 37, 47, 21517
What are the prime factors of 453507446?
2, 7, 37, 181, 691
List the prime factors of 2138498554.
2, 23, 617, 75347
List the prime factors of 751333286.
2, 11, 3104683
List the prime factors of 220132642.
2, 311, 353911
What are the prime factors of 99116720?
2, 5, 43, 28813
List the prime factors of 3558842232.
2, 3, 11, 13480463
What are the prime factors of 8439425?
5, 89, 3793
List the prime factors of 1339504859.
7, 11, 107, 367, 443
What are the prime factors of 179897334?
2, 3, 211, 142099
What are the prime